52. What is the units digit of a?
0
Let v = 294 + 389. Suppose -3*j = -3*o - v + 62, -4*j - 5*o + 783 = 0. What is the tens digit of j?
0
Suppose 0 = -b - b - 8, -28 = -4*s + 5*b. Suppose -3*k = 5*o - 2015, k = -s*o - k + 802. What is the tens digit of o?
0
What is the units digit of ((-13)/13)/(((-6)/(-14))/3) + 5892?
5
Suppose 5*a - 25 = 0, 2*g + 4*a - 8831 = 9*a. What is the hundreds digit of g?
4
Let n(q) = q**3 + 10*q**2 + 9*q + 4. Let l be n(-9). Suppose -5*h + 5*j + 5295 = 0, -1088 - 3136 = -l*h + j. What is the units digit of h?
5
Suppose -634 = 6*i + 602. Let y = i + 219. What is the units digit of y?
3
Suppose -211*u - 3*t = -215*u + 12590, 9442 = 3*u - 2*t. What is the units digit of u?
6
Suppose -3*r = 11 + 31. Let j(v) = -40*v - 21. What is the hundreds digit of j(r)?
5
Let c(a) = 19*a - 37. Let d be c(-12). Let y = d + 183. Let t = y - -174. What is the units digit of t?
2
Let v(k) = -k**2 - 24*k - 95. Let w be v(-19). Suppose 484*n - 478*n - 240 = w. What is the tens digit of n?
4
Let l(g) = 8*g**2 - 262*g - 96. What is the thousands digit of l(49)?
6
Let l(j) = 2*j**3 - 22*j**2 + 26*j + 28. Let u(m) = -34*m - 56. Let g be u(-2). What is the tens digit of l(g)?
2
Let f(c) = -c**2 + 11*c - 20. Let j be f(3). Suppose 0 = j*w + 4*n - 688, -2*w + 4*n - 73 = -447. What is the tens digit of w?
7
What is the thousands digit of (-118)/1711 + (-788574)/(-87)?
9
Let l(a) be the first derivative of 1/2*a**2 + 1/3*a**3 - 6 + 5*a. What is the units digit of l(0)?
5
Suppose -52 = -26*m - 312. What is the hundreds digit of ((-16)/m)/(76/46930)?
9
Let y(l) = 3*l**3 - 2*l**2 + 8*l - 23. Let d be y(-5). Let n = 1167 - d. What is the thousands digit of n?
1
Let o(y) = -8*y**3 - 15*y**2 - 33*y - 17. What is the thousands digit of o(-10)?
6
Suppose -16*j = -21294 + 3246. What is the thousands digit of j?
1
Let d = -171 - -55. Let g = d + 272. What is the hundreds digit of g?
1
Suppose 10*f = 15*f - l - 21223, -4*f = l - 16982. What is the thousands digit of f?
4
Let n = -68 - -30. Let r = -342 - -227. Let u = n - r. What is the units digit of u?
7
Let v(z) be the third derivative of -z**6/120 - 17*z**5/60 - 13*z**4/12 - 13*z**3/2 + 14*z**2. Let l be v(-16). What is the tens digit of (0 + 3/3)*l?
2
Suppose b + 4*c - 7 = 0, 5*c = 58*b - 59*b + 9. What is the units digit of -1933*b/2 - (-117)/78?
8
Suppose 729731 = 132*y - 188989. What is the tens digit of y?
6
Let r = 15930 + -15480. What is the units digit of r?
0
Let k(l) be the third derivative of -l**6/60 + 2*l**5/15 + 13*l**4/24 - 2*l**3/3 + l**2 + 77. What is the units digit of k(-6)?
8
Let d = 15 + -27. Let t = 73 + -74. What is the tens digit of (-10)/t + d/(-3)?
1
Suppose -22*j - 13*j = -851830. What is the ten thousands digit of j?
2
Suppose 8*j + 136 = 12*j. Let s = -28 + j. Suppose 0 = -o - s*o + 616. What is the tens digit of o?
8
Let w = 24842 - 12371. What is the units digit of w?
1
Suppose -627*b - 167098 = -4*k - 622*b, -5*b - 41782 = -k. What is the hundreds digit of k?
7
Let l(q) = 51*q - 221. Suppose 106 = 10*y + 36. What is the hundreds digit of l(y)?
1
Let g = -3 - -1. Let d(b) = -b**3 + 10*b**2 - 26*b + 13. Let q be d(6). What is the units digit of q*201 - (g - (-5 - -1))?
9
Let o(y) = y**3 - 10*y**2 - 11*y + 1. Let c be o(11). Suppose -3 = -l + c, 5*l - 12 = 2*b. Suppose 0 = 4*g + b*g - 16. What is the units digit of g?
2
Let i(k) = -633*k - 269. What is the ten thousands digit of i(-37)?
2
Suppose 0 = -4*i + 4*k + 36, 37 = -4*i + 7*i - 5*k. Suppose -3*n = -2*u - 1887, i*n + 2*u + 1260 = 6*n. What is the tens digit of n?
2
Let i(z) be the third derivative of z**5/6 - 19*z**4/24 - z**3/2 + 71*z**2. What is the hundreds digit of i(10)?
8
Suppose 5*m - 44 = 4*v - 2*v, -2*v = 4*m - 28. What is the tens digit of (m - 9)/(7551/(-1887) + 4)?
2
Let d(f) = -3156*f + 1245. What is the units digit of d(-11)?
1
What is the thousands digit of (30446/(-104)*-2)/(1/22)?
2
Suppose 3*n + 2*y = -n - 50, 4*n + y = -55. What is the tens digit of 530/n*-8*(5 + -2)?
4
Suppose -6*c + 0 - 36 = 0. Let b(v) = 6*v**2 + 8*v + 17. What is the tens digit of b(c)?
8
Let r = 2478 - 1614. Suppose -3*l + o = -2*o - r, 2*l + 4*o - 594 = 0. What is the tens digit of l?
9
Let p(v) = -5*v - 7. Let s be (-40)/(-15)*(-345)/20. Let h = 34 + s. What is the units digit of p(h)?
3
Suppose 9*v = 28 - 136. Let a = v - -14. Suppose -2*m = a*m - 632. What is the tens digit of m?
5
Suppose -3*u - 344 = -4*d - u, 3*d = 3*u + 255. Let c = d + -83. Suppose -c*f - 103 = -423. What is the units digit of f?
0
Let b = -951 - -1486. Suppose 5*t + 5*g - b = 0, t - g = 3*g + 97. What is the tens digit of t + 4*(-3)/6*1?
0
Let n be (2 - (-78)/(-3))*974/(-8). What is the tens digit of n/8 + (-26)/104?
6
Suppose 2*l - 1304 = -512. Let p = l - 136. What is the units digit of p?
0
Let v be 99/(-3)*(-1 - 9). Let b = v - 1498. What is the hundreds digit of ((-6)/(-4))/((-12)/b)?
1
Suppose 0 = -15*a + 20*a - 65. Let v = a - 15. What is the units digit of v/(-4)*(-4)/(-2)?
1
Let r = 195 - -90. Let q = r - -59. Suppose 2*v = 3*b - q, 0 = -3*b - 0*v - v + 350. What is the units digit of b?
6
Suppose -2*c + 137548 = 5*z - 6*c, 5*z - 5*c = 137550. What is the tens digit of 5 + (14/(-63) - z/(-18))?
3
Let r(p) = 17*p**2 + 73*p + 12. Let z be r(7). Let w = -808 + z. What is the hundreds digit of w?
5
Let j(g) = 7*g - 10. Let m be 2/(-5)*(-30)/3. What is the tens digit of j(m)?
1
Let c(y) = y**2 - 7*y - 4. Let h be c(-5). Let f = 59 - h. Suppose -5*i = 3*z - 2*z - 865, -f*i = z - 517. What is the units digit of i?
4
Suppose -25 = 5*m + 10. Let s(l) = -l**3 - 7*l - 7. Let p be s(m). Suppose -4*u + 206 = 2*i, 3*i - 7*i + u + p = 0. What is the tens digit of i?
9
Suppose -4*p + q = -11511, 2*q = p - 1096 - 1787. What is the thousands digit of p?
2
Suppose -3*b = 4*l - 3 - 1, -4*l + b + 20 = 0. Let r(v) = -v**2 + 19 - 1 - l - 161*v + 137*v. What is the units digit of r(-19)?
9
Let r be (5380/8)/(7/14). Suppose 2*f + r = 7*f. What is the units digit of f?
9
Suppose -411210 = -1755*s + 1725*s. What is the ten thousands digit of s?
1
What is the tens digit of ((-10)/3 + 3)*(-85041)/3 + 6?
5
Let v(z) = 23*z**3 + 13*z - 33. Let n be v(4). Suppose -n = -11*t + 1413. What is the units digit of t?
4
Let u be (-1 + (0 - -3))*(-11 - -13). Suppose 8*k + u = 20. Suppose 5*z - x = -2*x + 408, -k*x + 168 = 2*z. What is the tens digit of z?
8
Suppose -426 = 46*t - 48*t. Let z = t - 112. What is the hundreds digit of z?
1
Suppose -4*p = 2*q - 1030, -2*p + 512 = 7*q - 9*q. Suppose -6*g + 11*g - p = -2*k, 3*k + 5*g - 388 = 0. What is the units digit of k?
1
Suppose 3*a - 9185 = -4*s + 14918, -5*s - 10 = 0. What is the hundreds digit of a?
0
Suppose 0 = -290*a + 292*a - 10. Suppose 2877 = 3*l - 2*k, l = -0*l + a*k + 959. What is the tens digit of l?
5
Let k(y) = 3405*y**2 - 1471*y - 5864. What is the thousands digit of k(-4)?
4
Suppose -341*f + 330*f - 29601 = 0. Let u = -1510 - f. What is the tens digit of u?
8
Suppose -8*p + 210 = 4*v - 3*p, v - p - 48 = 0. Suppose 0 = 3*r - 8*r - u - v, 0 = -3*r - u - 28. Let m(g) = 2*g**2 + 7*g - 19. What is the tens digit of m(r)?
4
Let p = -27500 - -52184. What is the thousands digit of p?
4
Suppose 181*x - 532489 = -179*x + 972311. What is the units digit of x?
0
Suppose -160*i = 159*i - 329*i + 74680. What is the units digit of i?
8
Suppose 0 = 10*d - 13699 - 83051. What is the units digit of d?
5
Let l(a) = -a**2 + 5*a - 6. Let y be l(3). Suppose y = -40*c + 45*c - 1535. What is the hundreds digit of c?
3
Let a = -518 - -494. Let c = a - -566. What is the tens digit of c?
4
Suppose 7*h = 5*h + 1602. Let n = h - 269. What is the hundreds digit of n?
5
Let a = 158 + -37. What is the hundreds digit of (2 - -1 - 6) + a?
1
Suppose -4*u - 5*v = -315235, -17*u = -16*u + 3*v - 78821. What is the thousands digit of u?
8
What is the tens digit of 11/(-33)*11889/(-3)?
2
Let c(y) = 103*y**2 + 15*y - 17. Let l(m) = 51*m**2 + 8*m - 9. Let v(h) = -6*c(h) + 11*l(h). Let z be v(1). What is the tens digit of -3 - (0/2 + z)?
5
Suppose 4*q - t - 2109 = 0, 21*q + 2103 = 25*q - 3*t. Suppose -3*h - 5*j = -0*j - q, -4*h - 4*j = -696. What is the hundreds digit of h?
1
Suppose -104 = -93*j + 80*j. Let i(y) = 23*y**2 - y - 1. Let l be i(2). Let h = j +